2) to base 15
-42137
What is 3821787 (base 11) in base 2?
11001010011110010010110
What is 320506 (base 8) in base 11?
73291
-2066 (base 14) to base 8
-12712
What is -1221201201121 (base 3) in base 11?
-649872
What is -433204403 (base 5) in base 8?
-7036353
-1611154 (base 7) to base 3
-102020121011
What is -212a0 (base 14) in base 5?
-10030413
20000012121000 (base 3) to base 15
430ed3
Convert -10000001111110111 (base 2) to base 14.
-1a379
1417353 (base 8) to base 14
a6283
What is 9a5696 (base 13) in base 4?
31320201021
What is 37cc8 (base 14) in base 11?
93a11
578b3 (base 12) to base 16
1c947
What is 297c74 (base 13) in base 4?
3320110301
What is 42320 (base 5) in base 13?
13a1
Convert -521067 (base 10) to base 16.
-7f36b
What is -64400 (base 8) in base 6?
-324240
Convert -271cb (base 13) to base 2.
-10001110010000101
What is 7895264 (base 10) in base 13?
1835870
What is -6706a (base 11) in base 4?
-113233113
-252053 (base 8) to base 6
-1511055
Convert -122010200101 (base 4) to base 13.
-1553902
What is 241244521 (base 6) in base 4?
101112031201
What is 301313140 (base 5) in base 10?
1197920
Convert -15207c7 (base 13) to base 10.
-6741742
490161 (base 11) to base 6
24345201
What is -61301230 (base 7) in base 5?
-2302003130
55aba7 (base 15) to base 10
4086382
-85311 (base 10) to base 9
-140020
What is 342144313 (base 5) in base 16?
1738a9
Convert -133a89 (base 13) to base 8.
-1614732
Convert -12300224 (base 6) to base 10.
-396664
Convert -5f1af (base 16) to base 12.
-169527
4414405 (base 10) to base 13
bb7398
Convert -120320002 (base 4) to base 16.
-18e02
-25f02 (base 16) to base 3
-21220011100
1002102300 (base 4) to base 3
111210110220
Convert -243424443 (base 5) to base 2.
-100011001111110110110
What is 1211302303 (base 4) in base 6?
12534151
Convert -1201131220 (base 4) to base 13.
-10c924
41770 (base 8) to base 6
212320
What is 603604 (base 7) in base 5?
11232134
Convert -496943 (base 10) to base 7.
-4136546
What is -3100211011 (base 5) in base 11?
-3593a88
-184933 (base 11) to base 9
-473383
-192184 (base 14) to base 8
-3311030
What is -7605351 (base 9) in base 2?
-1111100011101011101011
-2aaa336 (base 12) to base 5
-4210413102
31a548 (base 11) to base 7
4231005
Convert 11002012001120 (base 3) to base 5.
1023400232
Convert 36211d (base 14) to base 5.
433142204
What is 82b7ab (base 12) in base 14?
3b5cb1
What is 23263765 (base 8) in base 13?
108800c
-100606 (base 8) to base 5
-2030113
What is 13e4c1 (base 15) in base 8?
3522135
Convert 3175752 (base 10) to base 9.
5870273
-107167 (base 9) to base 8
-175446
Convert -41820 (base 12) to base 10.
-85848
What is -63341 (base 8) in base 3?
-1100010110
Convert -242724 (base 8) to base 2.
-10100010111010100
Convert -3142236 (base 7) to base 16.
-5cd09
-647165 (base 9) to base 6
-12134005
Convert -141112403 (base 5) to base 4.
-2300132211
1102625 (base 7) to base 11
92851
-1414046 (base 9) to base 15
-105406
What is -60aa2 (base 14) in base 5?
-24420343
Convert -174656 (base 9) to base 3.
-12111201220
30a796 (base 11) to base 12
1bba33
-5031023 (base 6) to base 3
-110001122120
What is -237758 (base 10) in base 13?
-842b1
-10544303 (base 6) to base 7
-2522310
-33123223 (base 4) to base 10
-63211
What is -1201320100 (base 4) in base 2?
-1100001111000010000
11343455 (base 7) to base 8
3645762
1664615 (base 7) to base 15
49785
13a28b (base 13) to base 14
c69cb
Convert 210022130 (base 4) to base 12.
71878
Convert 1130044 (base 7) to base 3.
21012100211
-10102102101 (base 3) to base 2
-10000011100101111
What is -139b47 (base 14) in base 10?
-679987
Convert 4b291e (base 15) to base 6.
205121215
732193 (base 10) to base 11
460120
What is 1010000010001100001 (base 2) in base 5?
41010201
3160c8 (base 13) to base 12
478a36
30a32 (base 12) to base 4
33203012
What is 690db (base 15) in base 16?
519fb
221122210021 (base 3) to base 14
d20a6
12102012000 (base 3) to base 6
2141213
Convert 321374 (base 9) to base 6.
4033404
What is -3435041 (base 7) in base 12?
-188402
What is 210210100220 (base 3) in base 9?
723326
-217302 (base 9) to base 2
-11111101111010111
Convert -381b6 (base 15) to base 2.
-101011110001000111
-212222202110 (base 3) to base 11
-2a2867
6a0497 (base 11) to base 2
100001111110011011010
What is -4023344211 (base 5) in base 12?
-2831a48
Convert 4141042140 (base 5) to base 13.
19ca540
What is -13505010 (base 6) in base 4?
-1300101132
10011110010010000111 (base 2) to base 8
2362207
What is 2402126 (base 7) in base 5?
34201111
What is 63300 (base 7) in base 10?
15582
11000121002 (base 3) to base 13
2a059
-2565443 (base 7) to base 6
-11110025
Convert -2211400 (base 8) to base 3.
-1010012202111
What is 1104134012 (base 5) in base 6?
123405313
-3a806 (base 11) to base 6
-1125251
-1265465 (base 7) to base 5
-20331002
-2739 (base 14) to base 16
-1aff
-1154568 (base 9) to base 2
-10011000111111110110
22c051 (base 13) to base 16
c9b1a
What is 5531725 (base 8) in base 11?
926912
What is 201112120101 (base 3) in base 11?
242a55
-511044 (base 6) to base 9
-61401
175a3 (base 11) to base 7
131641
What is -2121022112111 (base 3) in base 7?
-14523040
-11100100110110101100100 (base 2) to base 15
-9d1e58
Convert 120420300 (base 5) to base 14.
1084a0
Convert -37bc61 (base 14) to base 10.
-1915005
What is 106c80 (base 15) in base 14?
16520d
Convert -7527374 (base 10) to base 14.
-ddd2d8
What is 3024159 (base 12) in base 7?
136361106
Convert -224b8d (base 14) to base 6.
-40552533
1221034 (base 5) to base 12
11571
Convert -31110330012 (base 4) to base 8.
-15247406
Convert -bab5 (base 15) to base 13.
-14ccc
What is -22712317 (base 8) in base 3?
-100022122122101
Convert -104326042 (base 7) to base 9.
-12750867
What is 111765 (base 13) in base 9?
674220
11101112110 (base 3) to base 14
236c4
-33506304 (base 7) to base 6
-142211220
What is 2100210 (base 3) in base 12?
bb6
Convert -2253227 (base 12) to base 16.
-64627f
Convert 654636 (base 7) to base 10.
114540
Convert -1005015 (base 7) to base 4.
-131021100
What is 1132032112 (base 4) in base 15?
79547
What is -1012122221222 (base 3) in base 13?
-196859
583417 (base 9) to base 15
6dbaa
33323032332 (base 4) to base 12
1493b66
Convert 702868 (base 13) to base 12.
a57557
-12010012112200 (base 3) to base 14
-50b50b
What is -68881 (base 9) in base 3?
-2022222201
-136413 (base 9) to base 11
-57767
-1001010011110 (base 2) to base 13
-2228
Convert -34e9aa (base 16) to base 12.
-11b2922
-718167 (base 9) to base 15
-862bd
-47b1b (base 13) to base 7
-1055254
What is 2001020101022 (base 3) in base 14?
204305
6724486 (base 10) to base 5
3210140421
Convert -21ce1b (base 16) to base 10.
-2215451
3b40bb (base 15) to base 3
12100201122112
Convert -217659 (base 10) to base 16.
-3523b
Convert -12352 (base 14) to base 8.
-127024
-12025333 (base 7) to base 12
-434761
1910 (base 14) to base 10
4522
Convert 55461400 (base 8) to base 10.
11952896
6463655 (base 8) to base 14
3308d7
What is 111021222100 (base 3) in base 11?
169683
What is 46471 (base 8) in base 15?
5cce
What is 11345504 (base 7) in base 8?
3647255
-11406875 (base 9) to base 14
-a48956
What is 3343310 (base 5) in base 10?
59205
Convert 126836 (base 9) to base 4.
102312222
Convert -25676166 (base 8) to base 16.
-577c76
Convert -210140441 (base 5) to base 3.
-1121221201112
What is 32001220230 (base 4) in base 7?
43152201
Convert 212102134 (base 6) to base 11.
2125529
59862 (base 12) to base 14
31c82
-111331312 (base 4) to base 6
-1532314
What is 21722513 (base 8) in base 11?
271777a
Convert 110c630 (base 14) to base 7.
125601360
-42251430 (base 6) to base 5
-304013331
Convert -1232731 (base 10) to base 11.
-772195
102336 (base 10) to base 15
204c6
-78a8 (base 14) to base 5
-1132144
Convert 4abc0 (base 13) to base 2.
100001101111110101
What is -10102012122212 (base 3) in base 6?
-102522335
Convert -1310203323 (base 4) to base 3.
-220020220210
What is 150146 (base 10) in base 16?
24a82
Convert 101101001100000011101 (base 2) to base 10.
1480733
305a68 (base 11) to base 5
111203332
-3471550 (base 9) to base 15
-271500
Convert 2563b6 (base 13) to base 11.
564671
What is -53fc4 (base 16) in base 2?
-1010011111111000100
Convert 2b7ba (base 12) to base 4.
33002332
What is 16112566 (base 8) in base 16?
389576
Convert -109412 (base 10) to base 